l**2 - 6*l + 39. Calculate b(14).
-45
Let l(k) = -32*k + 510. Calculate l(16).
-2
Let u(y) = -y**3 + 29*y**2 - 58*y + 48. Determine u(27).
-60
Let a(q) = -4*q**2 + 76*q + 173. Give a(21).
5
Let h(o) = -o**3 - 9*o**2 - 6*o + 9. Determine h(-8).
-7
Let u(w) = w**3 + 6*w**2 + 4*w - 1. What is u(-5)?
4
Let p(r) = 3*r**2 + 6*r - 4. Give p(-4).
20
Let z(n) = 6*n - 149. Determine z(29).
25
Let t(b) = -3*b**2 - 22*b + 6. Calculate t(-7).
13
Let o(u) = -2*u - 21. Calculate o(-14).
7
Let v(d) = d**3 - d**2 - 4*d + 3. Give v(2).
-1
Let u(d) = d**3 - 8*d**2 + 2*d - 8. Determine u(8).
8
Let s(u) = -2*u**2 + 4*u - 4. Give s(1).
-2
Let z(a) = -a**3 + 5*a**2 - a + 2. What is z(4)?
14
Let j(k) = 3*k + 19. Determine j(-4).
7
Let b(j) = 31*j + 25. What is b(-1)?
-6
Let i(y) = -y**3 - y**2 + 3*y + 5. Give i(0).
5
Let k(b) = -b**3 + 9*b**2 + 33*b + 25. Calculate k(12).
-11
Let g(v) = -v**3 - 14*v**2 - 23*v - 3. What is g(-12)?
-15
Let n(u) = u**3 - 23*u**2 - 25*u + 27. Calculate n(24).
3
Let l(t) = -t**2 - 3*t + 12. Calculate l(-5).
2
Let l(f) = -11*f - 1. Determine l(-4).
43
Let s(m) = -m**3 + 3*m + 2. Calculate s(-1).
0
Let o(z) = z**3 - 24*z**2 + 21*z + 48. Give o(23).
2
Let p(y) = y**2 - 5*y - 4. Determine p(-4).
32
Let o(l) = 3*l - 139. Give o(31).
-46
Let l(x) = -3*x - 13. Determine l(-8).
11
Let a(b) = -b**3 - 18*b**2 + 18*b - 28. Give a(-19).
-9
Let q(o) = 9*o**2 - 5*o + 4. What is q(1)?
8
Let y(k) = k**2 - 11*k - 73. What is y(-5)?
7
Let s(a) = -a**3 + 8*a**2 - 11*a - 23. Give s(5).
-3
Let v(y) = 6*y - 100. Calculate v(16).
-4
Let f(m) = -4*m**3 + m**2 + m. What is f(1)?
-2
Let k(l) = 30*l - 507. What is k(17)?
3
Let j(s) = s - 8. Determine j(14).
6
Let b(a) = a**2 + 10*a - 3. What is b(-11)?
8
Let z(k) = 19*k - 13. What is z(-6)?
-127
Let p(l) = 9*l**2 + 67*l + 15. Give p(-7).
-13
Let g(y) = -y**3 - 15*y**2 + 3*y + 19. Determine g(-15).
-26
Let k(y) = y + 29. What is k(-24)?
5
Let i(a) = a**3 - 7*a**2 + 5*a + 2. What is i(6)?
-4
Let s(r) = 6*r**2 - r - 1. Calculate s(1).
4
Let y(n) = 9*n + 7. Give y(-3).
-20
Let h(z) = 29*z + 79. Calculate h(-3).
-8
Let r(l) = l**2 - 5*l - 6. Calculate r(6).
0
Let u(i) = -32*i + 113. Determine u(3).
17
Let z(u) = u**3 - 51*u**2 - 54*u + 120. What is z(52)?
16
Let h(d) = 5*d**3 - 6*d**2 - 2*d - 1. Give h(-2).
-61
Let n(o) = -o**3 - 6*o**2 - 5*o - 8. Give n(-6).
22
Let r(l) = l**2 - 17*l - 123. What is r(-7)?
45
Let o(a) = a - 25. Determine o(26).
1
Let f(m) = -m**2 + m - 3. Calculate f(5).
-23
Let a(v) = -v**3 + 4*v**2 + 4*v + 3. What is a(5)?
-2
Let i(v) = 34*v**3 - v**2 - v + 1. Determine i(-1).
-33
Let j(l) = l**3 + 4*l**2 + 16*l + 45. What is j(-3)?
6
Let p(x) = -x**3 - 3*x**2 + 5*x - 12. What is p(-5)?
13
Let t(j) = -j**3 + 8*j**2 - j - 6. Give t(7).
36
Let j(s) = -s**2 + 17*s - 36. Calculate j(15).
-6
Let a(x) = 9*x**3 + 3*x**2 - 2*x + 3. Calculate a(2).
83
Let q(h) = -h**3 + 6*h**2 + 16*h + 3. What is q(8)?
3
Let o(v) = -v**3 + 7*v**2 + 9*v. Determine o(8).
8
Let y(g) = -11*g - 138. What is y(-11)?
-17
Let t(m) = -m - 4. Give t(-11).
7
Let y(s) = -s**3 - 7*s**2 - 11*s - 5. What is y(-4)?
-9
Let z(c) = c**3 + 23*c**2 + 19*c - 53. Calculate z(-22).
13
Let f(a) = -a**2 + 42*a + 93. Give f(44).
5
Let a(v) = -2*v**3 - 7*v**2 - 9*v - 6. What is a(-4)?
46
Let z(m) = m**3 - 12*m**2 - 15*m + 17. Calculate z(13).
-9
Let o(m) = -2*m**2 + 4. What is o(2)?
-4
Let c(q) = 3*q + 17. Determine c(-9).
-10
Let j(x) = x**3 - 5*x**2 + 5*x + 2. Give j(4).
6
Let h(t) = t**3 - 10*t**2 - 16*t + 14. Calculate h(10).
-146
Let b(o) = o**2 - o - 8. Calculate b(-4).
12
Let b(h) = -3*h**2 + 2*h + 7. Calculate b(4).
-33
Let u(v) = -7*v. Give u(3).
-21
Let i(b) = -10*b + 156. Give i(16).
-4
Let w(a) = -31*a + 1047. Calculate w(34).
-7
Let k(w) = w + 8. Calculate k(-11).
-3
Let h(u) = -u**3 - 7*u**2 - 4*u + 23. Give h(-5).
-7
Let j(a) = -2*a - 30. Determine j(12).
-54
Let c(r) = r**2 + 1. Give c(5).
26
Let f(z) = z + 15. Calculate f(-16).
-1
Let m(k) = 18*k - 1. What is m(1)?
17
Let i(k) = k**3 - 6*k**2 - 5*k + 8. Give i(6).
-22
Let f(q) = -14*q - 2. Give f(-1).
12
Let s(y) = 22*y**3 - y**2 - 3*y - 1. Calculate s(-1).
-21
Let w(z) = z**3 + 11*z**2 + z + 16. Calculate w(-11).
5
Let o(w) = -w**2 + 7*w + 31. Calculate o(-4).
-13
Let f(b) = -b**3 + 12*b**2 + 32*b - 55. Determine f(14).
1
Let v(g) = 16*g + 27. Calculate v(-4).
-37
Let b(n) = 13*n + 4. Determine b(3).
43
Let a(s) = s**3 + 22*s**2 + 21*s - 1. Give a(-21).
-1
Let x(z) = -z**2 - 2*z + 3. Give x(2).
-5
Let y(k) = -k**3 - 13*k**2 + 17*k - 17. Give y(-15).
178
Let p(u) = u**3 - 17*u**2 + 13*u - 218. Give p(17).
3
Let x(k) = k - 9. What is x(9)?
0
Let k(l) = l - 36. Calculate k(3).
-33
Let v(m) = -26*m + 187. Give v(7).
5
Let x(m) = m**3 + 15*m**2 + 5*m + 70. Determine x(-15).
-5
Let v(l) = l**3 - 11*l**2 - l - 11. Determine v(11).
-22
Let f(c) = -c**2 + 17*c + 8. Give f(16).
24
Let x(u) = 18*u + 58. What is x(-2)?
22
Let n(k) = k**2 - 12*k - 10. Determine n(13).
3
Let d(f) = f**2 - 15*f - 13. Calculate d(17).
21
Let a(k) = -9*k - 135. What is a(-18)?
27
Let m(o) = 2*o**2 + 3*o + 2. Give m(-2).
4
Let x(i) = 3*i + 9. What is x(-7)?
-12
Let l(d) = -6*d - 6. What is l(4)?
-30
Let t(r) = -r**2 + 14*r + 6. Calculate t(14).
6
Let j(c) = -c**3 - 2*c + 18. Determine j(0).
18
Let q(f) = -f**2 + 9*f + 36. Calculate q(13).
-16
Let p(l) = 7*l + 10. Give p(-2).
-4
Let c(g) = -g**2 + 2*g + 1. What is c(-3)?
-14
Let t(k) = -2*k**2 + 4*k + 19. What is t(5)?
-11
Let k(j) = 6*j + 5. Calculate k(-7).
-37
Let b(p) = -4*p - 37. Give b(-12).
11
Let c(z) = -z**2 - 5*z + 13. Determine c(-8).
-11
Let t(u) = u + 2. Calculate t(-6).
-4
Let a(m) = 7*m**2 + 114*m + 31. Give a(-16).
-1
Let q(i) = 2*i - 47. Give q(24).
1
Let r(x) = 2*x**3 + 5*x**2 + 4. Calculate r(-4).
-44
Let p(z) = -z**3 + 23*z**2 - 130*z. Determine p(13).
0
Let f(v) = -5*v**2 + 3*v - 3. What is f(2)?
-17
Let u(p) = 4*p + 1. Calculate u(-1).
-3
Let v(x) = 3*x**2 + 8*x - 12. What is v(3)?
39
Let q(i) = i**2 + 10*i - 9. Give q(-10).
-9
Let z(i) = -17*i + 32. Determine z(-5).
117
Let i(j) = -j**3 + j**2 - 50. Calculate i(0).
-50
Let i(q) = -q**3 + 42*q**2 + 42*q + 44. Give i(43).
1
Let l(n) = -24*n + 50. Calculate l(4).
-46
Let g(y) = 12*y + 68. Give g(-6).
-4
Let m(w) = 10*w - 12. Calculate m(8).
68
Let u(w) = -w**2 - 33*w - 228. Give u(-23).
2
Let v(x) = x**3 - 6*x**2 + 10*x - 13. Determine v(4).
-5
Let g(c) = -c**2 + 12*c + 4. What is g(8)?
36
Let u(s) = 26*s + 277. Determine u(-11).
-9
Let l(m) = 26*m - 129. Give l(5).
1
Let j(s) = -s**3 + 4*s**2 - 7. Give j(5).
-32
Let m(n) = -n**3 - n**2 + 6*n. Determine m(3).
-18
Let p(v) = v**3 + 8*v**2 + 3*v + 1. Determine p(-6).
55
Let w(n) = n**2 + 36*n + 160. Calculate w(-31).
5
Let h(i) = 6*i - 92. Determine h(15).
-2
Let c(h) = -6*h**3 + 23*h**2 + 21*h - 2. Determine c(-1).
6
Let v(n) = -5*n + 1. What is v(6)?
-29
Let i(n) = -n**3 - 10*n**2 + 26*n + 20. Give i(-12).
-4
Let y(v) = v**3 - 6*v + 12. Give y(3).
21
Let y(f) = f**3 - 4*f**2 + 8*f - 8. Give y(4).
24
Let a(t) = 2*t - 2. What is a(4)?
6
Let r(s) = 6*s**2 + 22*s + 1. What is r(-3)?
-11
Let m(v) = v**2 - 14*v + 40. Determine m(7).
-9
Let l(g) = -68*g + 688. Calculate l(10).
8
Let m(u) = -u**3 + 5*u**2 + 2*u + 8. Determine m(6).
-16
Let o(l) = -6*l - 47. Calculate o(-16).
49
Let b(n) = n**3 - 15*n**2 - 15*n - 13. Calculate b(16).
3
Let t(a) = -3*a**2 + 24*a - 15. Calculate t(6).
21
Let j(r) = r**3 - 10*r**2 + 30*r - 5. Determine j(6).
31
Let z(f) = f**3 + 11*f**2 - 8*f - 1. Give z(-11).
87
Let r(i) = -i**2 - 19*i + 41. Determine r(-20).
21
Let l(q) = 9*q - 2. Calculate l(-2).
-20
Let i(a) = a**2 - 3*a - 11. What is i(4)?
-7
Let p(k) = -6*k - 1. Give p(4).
-25
Let c(x) = x**3 - 2*x**2 + 2*x - 2. Calculate c(3).
13
Let x(o) = 8*o - 22. Calculate x(5).
18
Let o(y) = y - 1. Give o(-1).
-2
Let x(l) = l**3 - 5*l**2 + 120*l - 462. Determine x(4).
2
Let h(a) = -3*a**2 + a - 25. What is h(0)?
-25
Let q(l) = -8*l - 138. What is q(-17)?
-2
Let r(d) = -3*d - 24. Determine r(-9).
3
Let t(b) = 2*b**2 - 14*b + 17. What is t(4)?
-7
Let h(s) = s**3 - 4*s**2 - 7*s + 3. What is h(5)?
-7
Let z(q) = -18*q - 15. Give z(-8).
129
Let z(v) = 3*v - 1. What is z(2)?
5
Let w(c) = -25*c + 3. Calculate w(-1).
28
Let y(z) = z**2 + 6*z - 27. What is y(-12)?
45
Let s(w) = -9*w - 18. W